92 - -15893. List the prime factors of z.
19, 379
Let p(g) be the third derivative of g**6/120 + g**5/6 + 7*g**4/24 - g**3 + 21*g**2. Let s be p(-9). Suppose -3*f = -s*f + 396. What are the prime factors of f?
2, 11
Suppose 0*y - 9*y + 63 = 0. What are the prime factors of (-2 - (-28)/y)*(-33)/(-6)?
11
Suppose -z - z = 2*n, -3*n - z + 10 = 0. Suppose 5*w - 3*c - 2845 = 0, 10*w = 14*w - n*c - 2263. What are the prime factors of w?
2, 11, 13
Suppose 4*n - 295 = -287. List the prime factors of n/(2 - (-3696)/(-1854)).
3, 103
Suppose -24 = 3*n - 30, 3*n - 1990 = 2*r. Let d = -546 - r. What are the prime factors of d?
2, 223
Suppose 4*h - 3 = 5*b, -4*h - 22*b = -23*b - 7. Suppose -1707 = -5*l + q - 2*q, -4*l + 1360 = -h*q. List the prime factors of l.
11, 31
What are the prime factors of ((-9)/(-30)*(-130)/15 - -3)*22530?
2, 3, 751
Let n(w) = -w**2 + 35*w - 12. Suppose 2*t = -42 + 44. Let z(d) = d - 1. Let p(f) = t*n(f) - 3*z(f). List the prime factors of p(24).
3, 61
Suppose 565 = -35*s + 215. What are the prime factors of 6/(s + 4) - 28*-11?
307
List the prime factors of ((-5721)/18 + -16)/(3/(-18)).
2003
Let o(p) = 6083*p - 8545. What are the prime factors of o(5)?
2, 3, 5
Let f = -632 + 641. Let g(c) = -8*c - 2 + c**2 + c**3 - 13 - 8*c**2. List the prime factors of g(f).
3, 5
Let q(g) = -80*g + 41. Let o(l) = -27*l + 14. Let h(z) = -7*o(z) + 2*q(z). Let f(c) = 114*c - 63. Let k(p) = 6*f(p) - 22*h(p). List the prime factors of k(3).
2, 7
Suppose -49*k + 331568 = -2173508. List the prime factors of k.
2, 12781
Let f(d) = d + 21. Let o be f(-17). Let b be (2 - -14) + o/(-4). Suppose 2*r - 5*r = b, -5*m - 3*r + 270 = 0. What are the prime factors of m?
3, 19
Let m = -157 - -137. What are the prime factors of m/(-30)*(-717)/(-2)?
239
List the prime factors of (12018 - 261)/(1/1).
3, 3919
Suppose 3145*i - 3153*i + 39749 = -83755. What are the prime factors of i?
2, 3, 31, 83
Suppose 5*s + 2069 = 3*f - 13424, 5*s = -f + 5151. Suppose f = 41*w - 2465. List the prime factors of w.
2, 3, 31
Let x(k) = -k + 1. Let f(a) = a + 28 - 7*a - a - 9. Let l(u) = f(u) - 6*x(u). List the prime factors of l(9).
2
Let m(g) = 2*g - 1. Let p(l) = 2*l + 23. Let i be p(-10). Let a be m(i). Let c = a + 75. What are the prime factors of c?
2, 5
Let i(v) = 221*v**2 + 748*v**2 - 1 + 4*v - 139*v**2 - 3. List the prime factors of i(1).
2, 5, 83
Let x = -1313 - -11223. List the prime factors of x.
2, 5, 991
Suppose 0*l + 4*o = -4*l + 22544, -5*l - 2*o + 28186 = 0. List the prime factors of l.
2, 2819
Suppose -13*h + 24 = -19*h. What are the prime factors of 8/12 - (h + (-25)/(-15))?
3
Let v(x) = 2*x**2 - 45*x - 2. Let w be v(21). Let l = 138 + w. What are the prime factors of l?
73
Let d = 18 - 15. Let p(l) = 12*l + 336 - 173 - l**d - 4*l**2 - 168. What are the prime factors of p(-7)?
2, 29
Let c(t) be the third derivative of 307*t**4/24 - 27*t**3/2 + 137*t**2. List the prime factors of c(3).
2, 3, 5, 7
Suppose -2*k = h - 6, -2*k = 3*h - 18 + 4. Let q(c) = 69*c - 8. Let u be q(h). Let l = -145 + u. List the prime factors of l.
3, 41
Suppose 25*b - 260452 + 32236 = -49*b. What are the prime factors of b?
2, 3, 257
Let y(b) = 2*b**3 - 39*b**2 + 77*b - 24. Let h be y(24). Suppose -156*k = -152*k - h. List the prime factors of k.
2, 3, 73
Suppose 5*j - 9*c - 126160 = -7*c - 0*c, 0 = -3*c. What are the prime factors of j?
2, 19, 83
Suppose 3*n + 10 - 7 = 0. Let c be (-3 + -166 + 1)/(n/2). Let t = c + -226. What are the prime factors of t?
2, 5, 11
List the prime factors of (-2608890)/(-210) + (-2 - -1) + 35/49.
3, 41, 101
Suppose 2*s = -2*l + 75068, -4*l - 554 = -582. List the prime factors of s.
3, 7, 1787
Let j be (-3 - (-6)/2)/2. Suppose 3*q = -3, 2*x + 2*q = -j*q + 4. List the prime factors of ((-76)/(-2) - 0) + x.
41
Suppose 442*s = 227*s + 9981375. List the prime factors of s.
3, 5, 619
Suppose a + 2*h - 5*h = 1299, 5*a - 6463 = -h. List the prime factors of a + (-4 - (-9 - -4)).
2, 647
Suppose -4*s = -4*k + 5 + 3, -k = 4*s - 7. Suppose 246 = 2*d - k*g - 15, 0 = -d + 4*g + 123. List the prime factors of d.
3, 5
Let u = 54 - 46. Suppose u*g = -4 + 20. Suppose -5*p - 746 = -4*x, 3*x + p - 565 = g*p. What are the prime factors of x?
3, 7
Suppose 0 = 12*o - 9*o + 12, 12860 = 4*j - 5*o. What are the prime factors of j?
2, 3, 5, 107
Let y = 6919 + -1453. What are the prime factors of y?
2, 3, 911
Let i(x) = 4*x**2 + 165*x - 1623. What are the prime factors of i(61)?
2, 107, 109
Let d(x) = 24*x + 8. Let k(a) = a. Let u(m) = d(m) - 48*k(m). What are the prime factors of u(-12)?
2, 37
Let g = -1927 - -5203. List the prime factors of g.
2, 3, 7, 13
Let y(h) = 6*h + 54. Let t be y(-8). Suppose 3*b + 4*g - 2758 = 0, -9*g + t*g = -3*b + 2772. List the prime factors of b.
2, 461
Suppose 0 = -5*z - 0*z + 5. Suppose -23 = -3*c + z. What are the prime factors of c/(-3)*126/(-56)?
2, 3
Let u = -209 + 1264. Suppose -5*h + 4*f + 2648 = 2*f, -5*f = -2*h + u. List the prime factors of h.
2, 5, 53
Let m(y) = -1339*y - 3 - 2*y**3 + 15*y**2 + 15 + 1348*y + 17 + 3*y**3. Let x be 2/6 - 43/3. List the prime factors of m(x).
3, 11
Suppose -3*x = 12, -2*i = -15*x + 11*x - 62746. List the prime factors of i.
3, 5, 17, 41
Suppose -5*z + 253 - 53 = 0. Let y(l) = -l**3 - 33*l**2 + 5*l + 189. Let t be y(-33). List the prime factors of ((-310)/z)/((-2)/t).
3, 31
Let i(j) = 7*j**2 - 28*j + 4. Let n be i(4). Suppose 0 = n*w - 20, w + 935 = 2*y - 380. List the prime factors of y.
2, 3, 5, 11
Suppose -2*y = -5*r - 40074, -2*y + 149*r - 147*r + 40074 = 0. List the prime factors of y.
3, 6679
Let k(b) = -5*b**2 - 5. Let v(f) = 3*f + 9 + 10*f**2 - f**2 - 2*f. Let y(p) = 7*k(p) + 4*v(p). What are the prime factors of y(-9)?
2, 23
Suppose -1 = o - 3. Suppose o*v - 940 = 1168. What are the prime factors of v?
2, 17, 31
Let n(g) = -10 - 6 - 47*g + 22. Let v be n(-5). Suppose 4*p - v = -61. List the prime factors of p.
3, 5
Let n be (5*1 + (-3)/1)*4. Suppose 3*h + n*f = 7*f + 3097, -3085 = -3*h + 2*f. List the prime factors of h.
1031
Suppose 75 = -11*r + 9. List the prime factors of (r - -10) + -3*-32*1.
2, 5
Let o(a) = 445*a**2 + 3*a + 5. Let m be o(-1). Let n = -138 + m. List the prime factors of n.
3, 103
Let a be 36/24 - 3330/(-4). Let g be a/(-3)*(-4)/(-8). List the prime factors of (0 - g) + -3 + -5.
131
Let i(q) = -1331*q + 38. What are the prime factors of i(-8)?
2, 3, 13, 137
Let c(g) = -g - 10. Let u be c(-6). List the prime factors of (8 + u)*1057/28.
151
Suppose 158 = -4*k - 106. Let d be -2 - (k - 0/(-6 - -3)). Let v = 157 - d. List the prime factors of v.
3, 31
Suppose 0 = -6*m + 3*m - 4*l + 14, 3*m + 2*l - 10 = 0. Let o(d) = m + 46*d**3 - 23*d**3 - d**2 - 18*d**3 - 2*d. List the prime factors of o(2).
2, 17
Let c be ((-88)/5)/((-4)/60). Suppose 4*b + 660 = 4*f, -5*f + 821 = 7*b - 8*b. Let j = c - f. What are the prime factors of j?
2, 5
Let g = 152 + -156. What are the prime factors of -10*(318/g)/((-15)/(-6))?
2, 3, 53
Let i = -2882 + 5004. Suppose -3*j - 581 = -d, -2*j - 242 = -4*d + i. What are the prime factors of d?
593
Suppose t - 905 = 3*d - 6*d, 0 = -d - 2*t + 305. Suppose 4*u = s + 3343, 2*u - 2*s + d - 1977 = 0. What are the prime factors of u?
5, 167
Suppose 5*d + 3 + 32 = 0. Let b(z) = -28*z - 2. Let h be b(d). Suppose 0 = -0*g + 3*g - 4*q - h, -5*q - 320 = -5*g. List the prime factors of g.
2, 31
List the prime factors of (326/(-1467))/((-4)/101862)*3.
3, 5659
List the prime factors of -2*69*((-2313)/(-27))/((-14)/63).
3, 23, 257
Suppose -10*f = -13*f + 4*b - 664, 228 = -f + 3*b. Let q = f - -640. What are the prime factors of q?
2, 53
Let r = -3806 - -6039. Suppose -r = 18*o - 29*o. What are the prime factors of o?
7, 29
Suppose -21*a + 20*a - 5*d = -950, -5*d = 25. Suppose -a = -4*m + 605. List the prime factors of m.
5, 79
Let g be 69 + -65 + -2 + 0/(-1). What are the prime factors of (-1130 + g)/(33/(-44))?
2, 47
Let i = 610 - 611. What are the prime factors of i + 4 + (-119277)/(-87)?
2, 3, 229
Suppose 0 = -2*b - 5*p + 5 + 15, -4*b + 3*p = -66. Suppose -b = -c + 25. Suppose 0 = -24*j + 26*j - c. What are the prime factors of j?
2, 5
Let k(o) = -o**2 - 20*o - 4. Let f be k(-20). What are the prime factors of 1 + (-23)/4*f?
2, 3
Suppose -2688*y + 2666*y + 121000 = 0. List the prime factor